{"id":93,"date":"2023-03-20T15:20:29","date_gmt":"2023-03-20T14:20:29","guid":{"rendered":"http:\/\/www.warnow-werkstatt.de\/shop\/?post_type=product&#038;p=93"},"modified":"2023-03-22T15:01:34","modified_gmt":"2023-03-22T14:01:34","slug":"yamaha-vf115xa-a","status":"publish","type":"product","link":"http:\/\/www.warnow-werkstatt.de\/shop\/produkt\/yamaha-vf115xa-a\/","title":{"rendered":"Yamaha VF115XA-A"},"content":{"rendered":"<h2>Yamaha V MAX SHO 115 &#8211; VF115XA Au\u00dfenborder &#8211; 115 PS<\/h2>\n<div>\n<div>115 PS (84,6 kW), 4 Zylinder, wassergek\u00fchlt, 1.832 qcm Hubraum,<br \/>\n<strong>Ultralangschaft, E-Starter, Powertilt, Powertrimm<\/strong><br \/>\nEmpfohlene Spiegelh\u00f6he: 643 mm<br \/>\nGewicht 180 kg<\/p>\n<p><span class=\"gallery__view-tagline\">Action unlimited: Unter der stromlinienf\u00f6rmigen Haube dieses fortschrittlichen High Power-Au\u00dfenborders VF115XA VMAX (Ultralangschaft) verbirgt sich eine geniale Performance-Maschine f\u00fcr grenzenlosen Fahrspa\u00df.<\/span><br \/>\nZeit f\u00fcr beeindruckende Power, Beschleunigung und Spitzen-Geschwindigkeit: Wer mit dem V MAX SHO 115hp Gas gibt, darf sich auf au\u00dfergew\u00f6hnliche Action-Highlights freuen. Der innovative Au\u00dfenbordmotor hebt das Leistungs-Potenzial und Handling-Niveau jedes Sportboots auf ein v\u00f6llig neues Level. Zu den Top-Features z\u00e4hlen ein hochmodernes, kompaktes Motorlayout, eine geniale Leichtbau-Halterung, eine\u00a0 praktische Power-Trimm- und Kippanlage sowie spezielle Abdeckungen aus Verbundwerkstoff. Dar\u00fcber hinaus wurden s\u00e4mtliche Motor-Massenkomponenten neu aufeinander abgestimmt und gr\u00f6\u00dfere Motorlager f\u00fcr einzigartige Laufruhe verbaut.<\/div>\n<h3>Drehmoment-Wunder<\/h3>\n<div>Zeit f\u00fcr beeindruckende Power, Beschleunigung und Spitzen-Geschwindigkeit: Wer mit dem V MAX SHO 115hp Gas gibt, darf sich auf au\u00dfergew\u00f6hnliche Action-Highlights freuen. Der innovative Au\u00dfenbordmotor hebt das Leistungs-Potenzial und Handling-Niveau jedes Sportboots auf ein v\u00f6llig neues Level. Zu den Top-Features z\u00e4hlen ein hochmodernes, kompaktes Motorlayout, eine geniale Leichtbau-Halterung, eine praktische Power-Trimm- und Kippanlage sowie spezielle Abdeckungen aus Verbundwerkstoff.<br \/>\nDar\u00fcber hinaus wurden s\u00e4mtliche Motor-Massenkomponenten neu aufeinander abgestimmt und gr\u00f6\u00dfere Motorlager f\u00fcr einzigartige Laufruhe verbaut.<\/div>\n<h3>Yamaha VMAX SHO 115 &#8211; VF115XA auf einen Blick<\/h3>\n<ul>\n<li>\u00a0\u00a0\u00a0 Unglaubliche Beschleunigung \u2013 perfekt f\u00fcr leichte Boote<\/li>\n<li>\u00a0\u00a0\u00a0 Klassenf\u00fchrendes Drehmoment und Hochgeschwindigkeitsleistung<\/li>\n<li>\u00a0\u00a0\u00a0 Kompaktes Design \u2013 mehr Leistung bei geringerem Gewicht<\/li>\n<li>\u00a0\u00a0\u00a0 Markantes und bekanntes \u201eV MAX SHO\u201c-Design<\/li>\n<li>\u00a0\u00a0\u00a0 Hochleistungsgenerator mit 35 A \u2013 Leistung bei niedriger Drehzahl<\/li>\n<li>\u00a0\u00a0\u00a0 Sanft und leise \u2013 zum entspannten Bootfahren und Angeln<\/li>\n<li>\u00a0\u00a0\u00a0 Un\u00fcbertroffene Zuverl\u00e4ssigkeit von Yamaha<\/li>\n<\/ul>\n<h3>DOHC-Design mit 4 Ventilen pro Zylinder<\/h3>\n<div>Der V MAX SHO 115hp verf\u00fcgt \u00fcber den fortschrittlichen 1,8-Liter-Vierzylinder-Viertaktmotor von Yamaha mit 16 Ventilen in DOHC-Bauweise (Double Overhead Cam). Einfach ausgedr\u00fcckt ist das Ergebnis eine bessere Bef\u00fcllung \u2013 f\u00fcr eine bessere Verbrennung und Leistung im gesamten Drehzahlbereich. Das Powerhead-Design des V MAX SHO 115hp basiert auf bew\u00e4hrter Viertakt-Technologie von Yamaha, so das ger\u00e4uscharme Zuverl\u00e4ssigkeit gew\u00e4hrleistet ist.<\/div>\n<h3>Geringeres Gewicht zahlt sich aus<\/h3>\n<div>Die Yamaha-Ingenieure haben sich auf die Gewichtsreduzierung konzentriert. Unn\u00f6tige Metallteile am Motor wurden entfernt, eine leichtere untere Wanne sowie eine Motorabdeckung aus Verbundwerkstoff entwickelt und eine Trimm- und Kippanlage mit nur einem Haltestempel und einer leichteren Halterung verwendet.<\/div>\n<h3>Einzigartiges Yamaha &#8222;V MAX SHO&#8220;-Design auf der Motorabdeckung<\/h3>\n<div>Ausgestattet mit Yamahas bereits ber\u00fchmter &#8222;V MAX SHO&#8220;-Metallic-Lackierung in Schwarz und Rot, stellt die neue Serie ihre Tradition stark zur Schau. Das j\u00fcngste Design setzt mit seinem dynamischen, aggressiven und sportlichen Grafikschema ein echtes Statement. Am Heck Ihres Bootes steht klipp und klar: \u201eDies hier ist kein gew\u00f6hnlicher Au\u00dfenborder\u201c \u2013 und er ist es auch nicht!<\/div>\n<h3>Kompatibilit\u00e4t mit einer Vielzahl von Anzeigen<\/h3>\n<div>Unsere Motoren sind mit der neuesten Technologie ausgestattet, sodass der V MAX SHO 115hp mit einer Vielzahl von exklusiven digitalen Steuerungssystemen und Anzeigen von Yamaha kompatibel ist \u2013 von 6Y8 bis zu den neuesten CL5\/CL7- Anzeigen und -Displays. Wenn es darum geht, exakte Motordaten und Leistungsinformationen w\u00e4hrend des Betriebs des Bootes zu erhalten, sind die Yamaha-Systeme un\u00fcbertroffen.<\/p>\n<h3><u>Standardlieferumfang Yamaha VMAX SHO 115 &#8211; VF115XA:<\/u><\/h3>\n<ul>\n<li>Edelstahlpropeller poliert, Talon SDS;\u00a0(es stehen verschiedene zur Auswahl)<\/li>\n<li>Motor\u00f6l (Marine\u00f6l)<\/li>\n<li>Betriebhandbuch in Deutsch<\/li>\n<li>Garantieunterlagen<\/li>\n<li>CE-Konformi\u00e4tserkl\u00e4rung<\/li>\n<\/ul>\n<\/div>\n<\/div>\n","protected":false},"excerpt":{"rendered":"<p>Yamaha V MAX SHO 115 &#8211; VF115XA Au\u00dfenborder &#8211; 115 PS 115 PS (84,6 kW), 4 Zylinder, wassergek\u00fchlt, 1.832 qcm Hubraum, Ultralangschaft, E-Starter, Powertilt, Powertrimm Empfohlene Spiegelh\u00f6he: 643 mm Gewicht 180 kg Action unlimited: Unter der stromlinienf\u00f6rmigen Haube dieses fortschrittlichen High Power-Au\u00dfenborders VF115XA VMAX (Ultralangschaft) verbirgt sich eine geniale Performance-Maschine f\u00fcr grenzenlosen Fahrspa\u00df. Zeit f\u00fcr&hellip;&nbsp;<a href=\"http:\/\/www.warnow-werkstatt.de\/shop\/produkt\/yamaha-vf115xa-a\/\" class=\"\" rel=\"bookmark\">Weiterlesen &raquo;<span class=\"screen-reader-text\">Yamaha VF115XA-A<\/span><\/a><\/p>\n","protected":false},"featured_media":94,"template":"","meta":{"neve_meta_sidebar":"","neve_meta_container":"","neve_meta_enable_content_width":"off","neve_meta_content_width":100,"neve_meta_title_alignment":"","neve_meta_author_avatar":"","neve_post_elements_order":"","neve_meta_disable_header":"","neve_meta_disable_footer":"","neve_meta_disable_title":""},"product_brand":[],"product_cat":[33],"product_tag":[],"class_list":{"0":"post-93","1":"product","2":"type-product","3":"status-publish","4":"has-post-thumbnail","6":"product_cat-yamaha-motoren","8":"first","9":"instock","10":"sale","11":"taxable","12":"shipping-taxable","13":"purchasable","14":"product-type-simple"},"_links":{"self":[{"href":"http:\/\/www.warnow-werkstatt.de\/shop\/wp-json\/wp\/v2\/product\/93","targetHints":{"allow":["GET"]}}],"collection":[{"href":"http:\/\/www.warnow-werkstatt.de\/shop\/wp-json\/wp\/v2\/product"}],"about":[{"href":"http:\/\/www.warnow-werkstatt.de\/shop\/wp-json\/wp\/v2\/types\/product"}],"wp:featuredmedia":[{"embeddable":true,"href":"http:\/\/www.warnow-werkstatt.de\/shop\/wp-json\/wp\/v2\/media\/94"}],"wp:attachment":[{"href":"http:\/\/www.warnow-werkstatt.de\/shop\/wp-json\/wp\/v2\/media?parent=93"}],"wp:term":[{"taxonomy":"product_brand","embeddable":true,"href":"http:\/\/www.warnow-werkstatt.de\/shop\/wp-json\/wp\/v2\/product_brand?post=93"},{"taxonomy":"product_cat","embeddable":true,"href":"http:\/\/www.warnow-werkstatt.de\/shop\/wp-json\/wp\/v2\/product_cat?post=93"},{"taxonomy":"product_tag","embeddable":true,"href":"http:\/\/www.warnow-werkstatt.de\/shop\/wp-json\/wp\/v2\/product_tag?post=93"}],"curies":[{"name":"wp","href":"https:\/\/api.w.org\/{rel}","templated":true}]}}