{"id":82,"date":"2023-03-20T15:13:25","date_gmt":"2023-03-20T14:13:25","guid":{"rendered":"http:\/\/www.warnow-werkstatt.de\/shop\/?post_type=product&#038;p=82"},"modified":"2023-03-22T15:02:10","modified_gmt":"2023-03-22T14:02:10","slug":"yamaha-f40fetl","status":"publish","type":"product","link":"http:\/\/www.warnow-werkstatt.de\/shop\/produkt\/yamaha-f40fetl\/","title":{"rendered":"Yamaha F40FETL"},"content":{"rendered":"<h2>Yamaha F 40 FETL \/ 40hp EFI Aussenborder<\/h2>\n<p>40 PS (29,4 kW), 3 Zylinder, wassergek\u00fchlt, 747 qcm Hubraum,<br \/>\n<strong>Langschaft, E-Starter, Powertilt, Powertrimm, <\/strong><br \/>\nEmpfohlene Spiegelh\u00f6he: 536 mm<br \/>\nGewicht 98 kg<\/p>\n<p>Der leichtgewichtige F40FETL Langschaftmotor mit Powertrimm bietet zuverl\u00e4ssige Leistung.<\/p>\n<h3>Mit dem Yamaha F40F \/ 40hp wird Sicherheit zur Norm.<\/h3>\n<div>\n<p>Die elektronische Kraftstoffeinspritzung (EFI) von Yamaha liefert beeindruckende Leistung bei hohen Drehzahlen sowie Kraft und Drehmoment satt im mittleren Drehzahlbereich \u2013 und das bei einer Wirtschaftlichkeit der Extraklasse. Durch das PrimeStart\u2122-System ist das Anlassen so spielend leicht wie bei einem Auto \u2013 und weil es ein echter Yamaha ist, hei\u00dft das jederzeit beim ersten Versuch. Mit der komfortablen Trimm- und Kippanlage mit weitem Stellbereich haben Sie stets alles im Griff.<\/p>\n<p>Das optionale Y-COP-System von Yamaha sichert Ihren Motor mit einer ferngesteuerten elektronischen Diebstahlsicherung, damit Sie sich gar keine Sorgen machen m\u00fcssen.<\/p>\n<p><strong>Auf einen Blick<\/strong><\/p>\n<ul>\n<li>Noch effizienter, noch umweltfreundlicher \u2013 dank EFI<\/li>\n<li>Kompatibel mit den DNG-Digitalinstrumenten von Yamaha<\/li>\n<li>PrimeStart\u2122-System f\u00fcr einfaches Anlassen<\/li>\n<li>Variable Trolling-Drehzahl<\/li>\n<li>Optionale elektronische Diebstahlsicherung (Y-COP) von Yamaha<\/li>\n<li>Trimm- und Kippanlage mit weitem Stellbereich<\/li>\n<li>Kompaktes Design und robuste Haube aus einem St\u00fcck<\/li>\n<li>Lenkwiderstandseinstellung mit einem einzigen Hebel (bei Ruderpinnenmodellen)<\/li>\n<li>Leistungsstarke Lichtmaschine<\/li>\n<li>Flachwasser-Fahrstellung f\u00fcr ufernahe Fahrten<\/li>\n<li>Frischwassersp\u00fclsystem<\/li>\n<\/ul>\n<p>&nbsp;<\/p>\n<h3>Multi-Point-EFI-System<\/h3>\n<p>Der Verbrennungsprozess des 30hp wurde mit innovativen und modernen Technologien optimiert, unter anderem mit dem bew\u00e4hrten Multi-Point-EFISystem von Yamaha, bei dem weniger Kraftstoffd\u00e4mpfe freigesetzt werden. Diese Technologien werden \u00fcber einen Mikrocomputer geregelt, der das Kraftstoff -Luft-Gemisch analysiert und auf schnelles Starten, auf ein ausgezeichnetes Ansprechen der Drosselklappe sowie auf eine saubere und effiente Verbrennung reguliert.<\/p>\n<h3>DNG-Digitalinstrumente<\/h3>\n<p>Der F30 ist mit den DNG-Digitalinstrumenten von Yamaha kompatibel, die durch die Anzeige verschiedener Daten maximale Leistung und Effienz erm\u00f6glichen: ein multifunktionaler Drehzahlmesser f\u00fcr die Anzeige von Drehzahl, Betriebsstunden, Kippwinkel, \u00d6ldruck, Warnleuchten und Einstellung der variablen Drehzahl sowie eine Anzeige f\u00fcr Geschwindigkeit und Kraftstffverwaltung mit Geschwindigkeit, Tankinhalt und Kraftstofferbrauch.<\/p>\n<h3>Kompakte Form und robuste Haube aus einem St\u00fcck<\/h3>\n<p>Dieser Motor zeichnet sich durch ein hohes Ma\u00df an \u00d6konomie aus. Die kompakte ache Haube wirkt nicht nur stark und robust, sie ist es auch. Und sie tr\u00e4gt auch dazu bei, die L\u00e4rmentwicklung zu verringern.\u00a0 Wenn Sie sich f\u00fcr diesen vielseitigen Motor entscheiden \u2013 mit seinem herausragenden Verh\u00e4ltnis aus hoher Leistung und geringem Gewicht und einem eleganten Erscheinungsbild \u2013 werden Sie durch Komfort und Entspannung belohnt.<\/p>\n<h3>Lenkwiderstandseinstellung mit einem einzigen Hebel (bei Ruderpinnenmodellen)<\/h3>\n<p>Durch dieses Merkmal wird die Steuerung entspannter. Sie m\u00fcssen die Steuerung nicht st\u00e4ndig anpassen, um auf Kurs zu bleiben. Dabei stellen Sie die Steuerung lediglich entsprechend der Bedingungen auf See und Ihrem Fahrstil ein.<\/p>\n<p><u>Standardlieferumfang:<\/u><\/p>\n<ul>\n<li>24 l &#8211; Kunststofftank mit Anschl\u00fcssen<\/li>\n<li>Aluminiumpropeller (es stehen verschiedene zur Auswahl)<\/li>\n<li>Motor\u00f6l (Marine\u00f6l)<\/li>\n<li>Betriebhandbuch in Deutsch<\/li>\n<li>Garantieunterlagen<\/li>\n<li>CE-Konformi\u00e4tserkl\u00e4rung<\/li>\n<\/ul>\n<\/div>\n","protected":false},"excerpt":{"rendered":"<p>Yamaha F 40 FETL \/ 40hp EFI Aussenborder 40 PS (29,4 kW), 3 Zylinder, wassergek\u00fchlt, 747 qcm Hubraum, Langschaft, E-Starter, Powertilt, Powertrimm, Empfohlene Spiegelh\u00f6he: 536 mm Gewicht 98 kg Der leichtgewichtige F40FETL Langschaftmotor mit Powertrimm bietet zuverl\u00e4ssige Leistung. Mit dem Yamaha F40F \/ 40hp wird Sicherheit zur Norm. Die elektronische Kraftstoffeinspritzung (EFI) von Yamaha liefert&hellip;&nbsp;<a href=\"http:\/\/www.warnow-werkstatt.de\/shop\/produkt\/yamaha-f40fetl\/\" class=\"\" rel=\"bookmark\">Weiterlesen &raquo;<span class=\"screen-reader-text\">Yamaha F40FETL<\/span><\/a><\/p>\n","protected":false},"featured_media":83,"template":"","meta":{"neve_meta_sidebar":"","neve_meta_container":"","neve_meta_enable_content_width":"off","neve_meta_content_width":100,"neve_meta_title_alignment":"","neve_meta_author_avatar":"","neve_post_elements_order":"","neve_meta_disable_header":"","neve_meta_disable_footer":"","neve_meta_disable_title":""},"product_brand":[],"product_cat":[33],"product_tag":[],"class_list":{"0":"post-82","1":"product","2":"type-product","3":"status-publish","4":"has-post-thumbnail","6":"product_cat-yamaha-motoren","8":"first","9":"instock","10":"sale","11":"taxable","12":"shipping-taxable","13":"purchasable","14":"product-type-simple"},"_links":{"self":[{"href":"http:\/\/www.warnow-werkstatt.de\/shop\/wp-json\/wp\/v2\/product\/82","targetHints":{"allow":["GET"]}}],"collection":[{"href":"http:\/\/www.warnow-werkstatt.de\/shop\/wp-json\/wp\/v2\/product"}],"about":[{"href":"http:\/\/www.warnow-werkstatt.de\/shop\/wp-json\/wp\/v2\/types\/product"}],"wp:featuredmedia":[{"embeddable":true,"href":"http:\/\/www.warnow-werkstatt.de\/shop\/wp-json\/wp\/v2\/media\/83"}],"wp:attachment":[{"href":"http:\/\/www.warnow-werkstatt.de\/shop\/wp-json\/wp\/v2\/media?parent=82"}],"wp:term":[{"taxonomy":"product_brand","embeddable":true,"href":"http:\/\/www.warnow-werkstatt.de\/shop\/wp-json\/wp\/v2\/product_brand?post=82"},{"taxonomy":"product_cat","embeddable":true,"href":"http:\/\/www.warnow-werkstatt.de\/shop\/wp-json\/wp\/v2\/product_cat?post=82"},{"taxonomy":"product_tag","embeddable":true,"href":"http:\/\/www.warnow-werkstatt.de\/shop\/wp-json\/wp\/v2\/product_tag?post=82"}],"curies":[{"name":"wp","href":"https:\/\/api.w.org\/{rel}","templated":true}]}}