{"id":58,"date":"2023-03-20T14:14:31","date_gmt":"2023-03-20T13:14:31","guid":{"rendered":"http:\/\/www.warnow-werkstatt.de\/shop\/?post_type=product&#038;p=58"},"modified":"2023-03-22T15:03:38","modified_gmt":"2023-03-22T14:03:38","slug":"yamaha-f4bmhs","status":"publish","type":"product","link":"http:\/\/www.warnow-werkstatt.de\/shop\/produkt\/yamaha-f4bmhs\/","title":{"rendered":"Yamaha F4BMHS"},"content":{"rendered":"<div>\n<ul>\n<li>4-Takt (F)<\/li>\n<li>2,9 kW \/ 4 PS<\/li>\n<li>Generation B<\/li>\n<li>Handstarter (M)<\/li>\n<li>Pinnensteuerung (H)<\/li>\n<li>Kurzschaft (S)<\/li>\n<\/ul>\n<p>Ablegen und grenzenlosen Fahrspa\u00df genie\u00dfen: Der 4hp l\u00e4sst sich dank seiner kompakten Ma\u00dfe in Kombination mit einem gro\u00dfen Handgriff und dem integrierten Tank m\u00fchelos ans Boot anh\u00e4ngen. Die praktische CDI-Z\u00fcndung erm\u00f6glicht ein kinderleichtes Starten des leistungsstarken Motors. Und auch optisch spielt der aufregend designte Au\u00dfenborder ganz vorne mit.<br \/>\nDazu kommen herausragende Handling-Eigenschaften in Verbindung mit einem vibrationsarmen Betrieb bei geringer Ger\u00e4uschentwicklung und niedrigem Spritverbrauch.<\/p>\n<p><strong>Die Yamaha F4 bis F6 &#8211; Modelle k\u00f6nnen als einzige Viertakter auf 3 (Steuer- und Backbord, Front) Seiten gelegt werden ohne dass Motor\u00f6l ausl\u00e4uft!<\/strong><\/p>\n<p>Auf einen Blick:<\/p><\/div>\n<ul>\n<li>Flachwasser-Fahrstellung f\u00fcr ufernahe Fahrten<\/li>\n<li>Kein \u00d6lverlust mehr! Neues System erm\u00f6glicht sicheres Lagern und Transportieren auf drei Seiten<\/li>\n<li>180\u00b0-Ruderpinne f\u00fcr bequemes Handling<\/li>\n<li>F-N-R-Schaltung (Vorw\u00e4rtsgang, Leerlauf, R\u00fcckw\u00e4rtsgang) mit gro\u00dfem Schalthebel<\/li>\n<li>Eingebauter 1,1-Liter-Kraftstofftank<\/li>\n<li>2-Wege-Wechselsystem f\u00fcr transportablen Tank (Option)<\/li>\n<li>Optional mit Lichtmaschine erh\u00e4ltlich (12 V \/ 6 A Stromversorgung)<\/li>\n<li>Komfortable zus\u00e4tzliche Beschleunigerpumpe im Geh\u00e4use<\/li>\n<li>Automatische Dekompression f\u00fcr einfacheres Anlassen<\/li>\n<li>Elegantes Design mit schicker, grauer Haube<\/li>\n<li>Aktuelles Yamaha-Design<\/li>\n<li>Leicht und handlich dank gro\u00dfem Tragegriff<\/li>\n<\/ul>\n<div>\nMotortyp: 4-Takt<br \/>\nHubraum: 139 ccm<br \/>\nZylinderanzahl\/Anordnung: 1, OHV<br \/>\nBohrung x Hub: 62.0 mm x 46.0 mm<br \/>\nPropellerwellen-Leistung bei mittlerer Drehzahl: 2.9 \/ 4,500 \/min<br \/>\nVollgasdrehzahlbereich: 4,000 &#8211; 5,000 rpm<br \/>\nSchmierung: Nasssumpf<br \/>\nGemischaufbereitung: 1 Vergaser<br \/>\nZ\u00fcndung\/Fr\u00fchverstellungssystem: CDI<br \/>\nStartsystem: Manuell<br \/>\nGetriebeuntersetzung (Z\u00e4hne): 2.08 (27:13)<br \/>\nEmpfohlene Spiegelh\u00f6he des Boots: S:435; L:562mm<br \/>\nGewicht mit Propeller: F4BMHS: 27.0kg,F4BMHL: 28.0kg<br \/>\nTankinhalt: 1.1Liter(Einbautank) oder separater Tank (Option)<br \/>\n\u00d6lwanneninhalt: 0.6Liter<br \/>\nSteuerung: Ruderpinne<br \/>\nTrimm- und Kippanlage: Manuell<br \/>\nLichtmaschinenspule\/Lichtmaschine: 12V -6A*optional<br \/>\nPropeller: Einschlie\u00dflich<\/div>\n","protected":false},"excerpt":{"rendered":"<p>4-Takt (F) 2,9 kW \/ 4 PS Generation B Handstarter (M) Pinnensteuerung (H) Kurzschaft (S) Ablegen und grenzenlosen Fahrspa\u00df genie\u00dfen: Der 4hp l\u00e4sst sich dank seiner kompakten Ma\u00dfe in Kombination mit einem gro\u00dfen Handgriff und dem integrierten Tank m\u00fchelos ans Boot anh\u00e4ngen. Die praktische CDI-Z\u00fcndung erm\u00f6glicht ein kinderleichtes Starten des leistungsstarken Motors. Und auch optisch&hellip;&nbsp;<a href=\"http:\/\/www.warnow-werkstatt.de\/shop\/produkt\/yamaha-f4bmhs\/\" class=\"\" rel=\"bookmark\">Weiterlesen &raquo;<span class=\"screen-reader-text\">Yamaha F4BMHS<\/span><\/a><\/p>\n","protected":false},"featured_media":59,"template":"","meta":{"neve_meta_sidebar":"","neve_meta_container":"","neve_meta_enable_content_width":"off","neve_meta_content_width":100,"neve_meta_title_alignment":"","neve_meta_author_avatar":"","neve_post_elements_order":"","neve_meta_disable_header":"","neve_meta_disable_footer":"","neve_meta_disable_title":""},"product_brand":[],"product_cat":[33],"product_tag":[],"class_list":{"0":"post-58","1":"product","2":"type-product","3":"status-publish","4":"has-post-thumbnail","6":"product_cat-yamaha-motoren","8":"first","9":"instock","10":"sale","11":"taxable","12":"shipping-taxable","13":"purchasable","14":"product-type-simple"},"_links":{"self":[{"href":"http:\/\/www.warnow-werkstatt.de\/shop\/wp-json\/wp\/v2\/product\/58","targetHints":{"allow":["GET"]}}],"collection":[{"href":"http:\/\/www.warnow-werkstatt.de\/shop\/wp-json\/wp\/v2\/product"}],"about":[{"href":"http:\/\/www.warnow-werkstatt.de\/shop\/wp-json\/wp\/v2\/types\/product"}],"wp:featuredmedia":[{"embeddable":true,"href":"http:\/\/www.warnow-werkstatt.de\/shop\/wp-json\/wp\/v2\/media\/59"}],"wp:attachment":[{"href":"http:\/\/www.warnow-werkstatt.de\/shop\/wp-json\/wp\/v2\/media?parent=58"}],"wp:term":[{"taxonomy":"product_brand","embeddable":true,"href":"http:\/\/www.warnow-werkstatt.de\/shop\/wp-json\/wp\/v2\/product_brand?post=58"},{"taxonomy":"product_cat","embeddable":true,"href":"http:\/\/www.warnow-werkstatt.de\/shop\/wp-json\/wp\/v2\/product_cat?post=58"},{"taxonomy":"product_tag","embeddable":true,"href":"http:\/\/www.warnow-werkstatt.de\/shop\/wp-json\/wp\/v2\/product_tag?post=58"}],"curies":[{"name":"wp","href":"https:\/\/api.w.org\/{rel}","templated":true}]}}