{"id":53,"date":"2023-03-20T14:10:53","date_gmt":"2023-03-20T13:10:53","guid":{"rendered":"http:\/\/www.warnow-werkstatt.de\/shop\/?post_type=product&#038;p=53"},"modified":"2023-03-22T15:03:58","modified_gmt":"2023-03-22T14:03:58","slug":"yamaha-f5amhl","status":"publish","type":"product","link":"http:\/\/www.warnow-werkstatt.de\/shop\/produkt\/yamaha-f5amhl\/","title":{"rendered":"Yamaha F5AMHL"},"content":{"rendered":"<h2><strong>Yamaha F5 AMHL Aussenborder<\/strong><\/h2>\n<p>5 PS (3,7 kW), 1 Zylinder, wassergek\u00fchlt, 139 qcm Hubraum,<br \/>\n<strong>Langschaft, Drehgaspinne, Handstarter<\/strong><br \/>\nEmpfohlene Spiegelh\u00f6he: 562 mm<br \/>\nRCD (EU2006 \/ Bodenseezulassung). Gewicht nur 28 kg.<\/p>\n<p>Der Motor hat einen integrierten 1,1 l Tank, es besteht die M\u00f6glichkeit einen externen Tank anzuschlie\u00dfen (Option: Yamaha Tank mit Tankschlauch).<\/p>\n<h3><u>Standardlieferumfang Yamaha F5 AMHL Aussenborder:<\/u><\/h3>\n<ul>\n<li>Aluminiumpropeller<\/li>\n<li>Motor\u00f6l (Marine\u00f6l)<\/li>\n<li>Getriebe\u00f6l ist bereits eingef\u00fcllt<\/li>\n<li>Betriebshandbuch in Deutsch<\/li>\n<li>Garantieunterlagen<\/li>\n<li>CE-Konformit\u00e4tserkl\u00e4rung<\/li>\n<li>\u00dcbergabeinspektion wurde von uns durchgef\u00fchrt<\/li>\n<\/ul>\n<hr \/>\n<p>&nbsp;<\/p>\n<div>\n<div>Der attraktive Motor mit seiner erfrischenden Optik ist so leistungsstark und zuverl\u00e4ssig, dass Sie ganz entspannt ablegen k\u00f6nnen. Der Yamaha Langschaft F5 AMHL ist zudem ganz einfach zu lagern und leicht zu handhaben. Dank seines geringen Gewichts l\u00e4sst er sich m\u00fchelos tragen und hervorragend als Langschaft-Hilfmotor f\u00fcr Jollen und Sportboote verwenden.<\/div>\n<h3>Leicht zu tragen und superleicht im Handling<\/h3>\n<div>Kompakte Ma\u00dfe, ein gro\u00dfer Handgriff und der integrierte Tank machen den Motor sehr gut tragbar, und die CDI-Z\u00fcndung von Yamaha sorgt f\u00fcr kinderleichtes Starten. Serienm\u00e4\u00dfig \u00fcberzeugen sie zus\u00e4tzlich zur Yamaha-Zuverl\u00e4ssigkeit durch niedrigen Spritverbrauch, einfache Bedienung, geringe Ger\u00e4uschentwicklung und einen vibrationsarmen Lauf.<br \/>\nOb Sie mit Ihrer Familie m\u00f6glichst schnell auf dem Wasser sein m\u00f6chten oder als Inhaber einer Jacht einen komfortablen Hilfsantrieb brauchen \u2013 mit dem F5 liegen Sie auf jeden Fall richtig.<\/div>\n<h3><u>Yamaha F5 AMHL Aussenborder auf einen Blick:<\/u><\/h3>\n<ul>\n<li>\u00a0\u00a0\u00a0 Flachwasser-Fahrstellung f\u00fcr ufernahe Fahrten<\/li>\n<li>\u00a0\u00a0\u00a0 Kein \u00d6lverlust mehr! Neues System erm\u00f6glicht sicheres Lagern und Transportieren auf drei Seiten<\/li>\n<li>\u00a0\u00a0\u00a0 180\u00b0-Ruderpinne f\u00fcr bequemes Handling<\/li>\n<li>\u00a0\u00a0\u00a0 F-N-R-Schaltung (Vorw\u00e4rtsgang, Leerlauf, R\u00fcckw\u00e4rtsgang) mit gro\u00dfem Schalthebel<\/li>\n<li>\u00a0\u00a0\u00a0 Eingebauter 1,1-Liter-Kraftstofftank<\/li>\n<li>\u00a0\u00a0\u00a0 2-Wege-Wechselsystem f\u00fcr transportablen Tank (Option: Yamaha Tank mit Tankschlauch)<\/li>\n<li>\u00a0\u00a0\u00a0 Optional mit Lichtmaschine erh\u00e4ltlich (12 V \/ 6 A Stromversorgung: Lichtspule mit Gleichrichter)<\/li>\n<li>\u00a0\u00a0\u00a0 Komfortable zus\u00e4tzliche Beschleunigerpumpe im Geh\u00e4use<\/li>\n<li>\u00a0\u00a0\u00a0 Automatische Dekompression f\u00fcr einfacheres Anlassen<\/li>\n<li>\u00a0\u00a0\u00a0 Elegantes Design mit schicker, grauer Haube<\/li>\n<li>\u00a0\u00a0\u00a0 Aktuelles Yamaha-Design<\/li>\n<li>\u00a0\u00a0\u00a0 Leicht und handlich dank gro\u00dfem Tragegriff<\/li>\n<li>\u00a0\u00a0\u00a0 Anbausatz f\u00fcr die Bedienung per Fernschaltung verf\u00fcgbar (Fernschaltanbausatz)<\/li>\n<\/ul>\n<\/div>\n","protected":false},"excerpt":{"rendered":"<p>Yamaha F5 AMHL Aussenborder 5 PS (3,7 kW), 1 Zylinder, wassergek\u00fchlt, 139 qcm Hubraum, Langschaft, Drehgaspinne, Handstarter Empfohlene Spiegelh\u00f6he: 562 mm RCD (EU2006 \/ Bodenseezulassung). Gewicht nur 28 kg. Der Motor hat einen integrierten 1,1 l Tank, es besteht die M\u00f6glichkeit einen externen Tank anzuschlie\u00dfen (Option: Yamaha Tank mit Tankschlauch). Standardlieferumfang Yamaha F5 AMHL Aussenborder:&hellip;&nbsp;<a href=\"http:\/\/www.warnow-werkstatt.de\/shop\/produkt\/yamaha-f5amhl\/\" class=\"\" rel=\"bookmark\">Weiterlesen &raquo;<span class=\"screen-reader-text\">Yamaha F5AMHL<\/span><\/a><\/p>\n","protected":false},"featured_media":54,"template":"","meta":{"neve_meta_sidebar":"","neve_meta_container":"","neve_meta_enable_content_width":"off","neve_meta_content_width":100,"neve_meta_title_alignment":"","neve_meta_author_avatar":"","neve_post_elements_order":"","neve_meta_disable_header":"","neve_meta_disable_footer":"","neve_meta_disable_title":""},"product_brand":[],"product_cat":[33],"product_tag":[],"class_list":{"0":"post-53","1":"product","2":"type-product","3":"status-publish","4":"has-post-thumbnail","6":"product_cat-yamaha-motoren","8":"first","9":"instock","10":"sale","11":"taxable","12":"shipping-taxable","13":"purchasable","14":"product-type-simple"},"_links":{"self":[{"href":"http:\/\/www.warnow-werkstatt.de\/shop\/wp-json\/wp\/v2\/product\/53","targetHints":{"allow":["GET"]}}],"collection":[{"href":"http:\/\/www.warnow-werkstatt.de\/shop\/wp-json\/wp\/v2\/product"}],"about":[{"href":"http:\/\/www.warnow-werkstatt.de\/shop\/wp-json\/wp\/v2\/types\/product"}],"wp:featuredmedia":[{"embeddable":true,"href":"http:\/\/www.warnow-werkstatt.de\/shop\/wp-json\/wp\/v2\/media\/54"}],"wp:attachment":[{"href":"http:\/\/www.warnow-werkstatt.de\/shop\/wp-json\/wp\/v2\/media?parent=53"}],"wp:term":[{"taxonomy":"product_brand","embeddable":true,"href":"http:\/\/www.warnow-werkstatt.de\/shop\/wp-json\/wp\/v2\/product_brand?post=53"},{"taxonomy":"product_cat","embeddable":true,"href":"http:\/\/www.warnow-werkstatt.de\/shop\/wp-json\/wp\/v2\/product_cat?post=53"},{"taxonomy":"product_tag","embeddable":true,"href":"http:\/\/www.warnow-werkstatt.de\/shop\/wp-json\/wp\/v2\/product_tag?post=53"}],"curies":[{"name":"wp","href":"https:\/\/api.w.org\/{rel}","templated":true}]}}