{"id":103,"date":"2023-03-20T15:28:38","date_gmt":"2023-03-20T14:28:38","guid":{"rendered":"http:\/\/www.warnow-werkstatt.de\/shop\/?post_type=product&#038;p=103"},"modified":"2023-11-22T13:59:06","modified_gmt":"2023-11-22T12:59:06","slug":"mercury-f5-mlha","status":"publish","type":"product","link":"http:\/\/www.warnow-werkstatt.de\/shop\/produkt\/mercury-f5-mlha\/","title":{"rendered":"Mercury F5 MLHA"},"content":{"rendered":"<p><strong>DER\u00a0PERFEKTE\u00a0LANGSCHAFT-MOTOR\u00a0F\u00dcR\u00a0IHR\u00a0SEGEL- UND\u00a0ARBEITSBOOT!<\/strong><\/p>\n<ul>\n<li>4-Takt (F)<\/li>\n<li>3,68 kW \/ 5 PS<\/li>\n<li>Handstart (M)<\/li>\n<li>Langschaft (L)<\/li>\n<li>Standard-Steuerpinne (H)<\/li>\n<li>Generator (A)<\/li>\n<li>(Sailpower)<\/li>\n<\/ul>\n<p>Den Spa\u00df immer dabei haben, das geht besonders gut, mit Schlauchbooten oder kleinen Anglerbooten. Mercury hat in seinem Sortiment eine komplette Serie an tragbaren Viertakt-Au\u00dfenbordmotoren, die besonders leicht sind und bei denen aus zahlreichen Modellen gew\u00e4hlt werden kann. Transport und Gebrauch der gesamten Serie sind dank cleverer Funktionen ganz einfach. Saubere, leise, kraftstoffeffiziente Viertakter-Leistung macht diese Motoren zur ersten Wahl. Ein standardm\u00e4\u00dfiges automatisches Zylindersystem zur Druckreduzierung verringert f\u00fcr leichtes Anfahren erfolgreich die Zugkraft beim Starten. Der Mercury F5 MLHA Sailpower ist besonders gut zu transportieren und verf\u00fcgt \u00fcber einen integrierten Benzintank mit Schlie\u00dfventilen, so dass kein Treibstoff verloren geht. Eine vollst\u00e4ndige Vorw\u00e4rts-Leerlauf-R\u00fcckw\u00e4rts <strong>Frontschaltung<\/strong> ist Standard.<\/p>\n<ul>\n<li>Weitere Optionen: Fragen Sie uns! Tel. 089-74 89 080.<\/li>\n<li>Motor mit gro\u00dfem Hubraum: \u00dcberlegenes Fahrverhalten und bessere Kraftstoffeffizienz.<\/li>\n<li>Dekompressionssystem: Das automatische Dekompressionsystem sorgt f\u00fcr m\u00fcheloses Starten.<\/li>\n<li>CDI Z\u00fcndsystem: Wartungsfreies Z\u00fcndsystem sorgt f\u00fcr leichtes Starten.<\/li>\n<li>Optisches Warnsystem: Optisches Warnsystem bei niedrigem \u00d6ldruck f\u00fcr maximale Sicherheit.<\/li>\n<li>Drehgriffgas: Volle Kontrolle mit einer Hand.<\/li>\n<li>Trimm Positionen: 6, plus Flachwasserstellung f\u00fcr einfachen Zugang zu abgelegenen und seichten Gew\u00e4ssern.<\/li>\n<li>Propellernaben-Auspuff: F\u00fcr leisen, rauchfreien Betrieb.<\/li>\n<li>5 Jahre Garantie: 5 Jahre volle Werksgarantie bei Einhaltung der Werksvorgaben.<u><\/u><\/li>\n<\/ul>\n<p>Leistung (kW \/ PS): 3,68 \/ 5<br \/>\nVollastdrehzahl (min-1): 4500-5500<br \/>\nZylinder: 1<br \/>\nHubraum (cm\u00b3): 123<br \/>\nStartersystem: Handstarter<br \/>\nLenkung: Universalpinne<br \/>\nTrimmpositionen: 6 + Flachwasserstellung<br \/>\nKraftstofftank (l): 1 Liter Tank integriert<br \/>\nGewicht (kg): 26<br \/>\nEmpfohlene Spiegelh\u00f6he (mm): 508 Langschaft<br \/>\nSonstiges: Kraftstoffanschluss f\u00fcr optionalen externen Tank, Aluminium-Propeller, Sicherheitsstoppschalter, Steuerpinne, Bodensee Zulassung, f\u00fchrerscheinfrei, Lichtspule<\/p>\n","protected":false},"excerpt":{"rendered":"<p>DER\u00a0PERFEKTE\u00a0LANGSCHAFT-MOTOR\u00a0F\u00dcR\u00a0IHR\u00a0SEGEL- UND\u00a0ARBEITSBOOT! 4-Takt (F) 3,68 kW \/ 5 PS Handstart (M) Langschaft (L) Standard-Steuerpinne (H) Generator (A) (Sailpower) Den Spa\u00df immer dabei haben, das geht besonders gut, mit Schlauchbooten oder kleinen Anglerbooten. Mercury hat in seinem Sortiment eine komplette Serie an tragbaren Viertakt-Au\u00dfenbordmotoren, die besonders leicht sind und bei denen aus zahlreichen Modellen gew\u00e4hlt werden&hellip;&nbsp;<a href=\"http:\/\/www.warnow-werkstatt.de\/shop\/produkt\/mercury-f5-mlha\/\" class=\"\" rel=\"bookmark\">Weiterlesen &raquo;<span class=\"screen-reader-text\">Mercury F5 MLHA<\/span><\/a><\/p>\n","protected":false},"featured_media":104,"template":"","meta":{"neve_meta_sidebar":"","neve_meta_container":"","neve_meta_enable_content_width":"off","neve_meta_content_width":100,"neve_meta_title_alignment":"","neve_meta_author_avatar":"","neve_post_elements_order":"","neve_meta_disable_header":"","neve_meta_disable_footer":"","neve_meta_disable_title":""},"product_brand":[],"product_cat":[34],"product_tag":[],"class_list":{"0":"post-103","1":"product","2":"type-product","3":"status-publish","4":"has-post-thumbnail","6":"product_cat-mercury-motoren","8":"first","9":"instock","10":"sale","11":"taxable","12":"shipping-taxable","13":"purchasable","14":"product-type-simple"},"_links":{"self":[{"href":"http:\/\/www.warnow-werkstatt.de\/shop\/wp-json\/wp\/v2\/product\/103","targetHints":{"allow":["GET"]}}],"collection":[{"href":"http:\/\/www.warnow-werkstatt.de\/shop\/wp-json\/wp\/v2\/product"}],"about":[{"href":"http:\/\/www.warnow-werkstatt.de\/shop\/wp-json\/wp\/v2\/types\/product"}],"wp:featuredmedia":[{"embeddable":true,"href":"http:\/\/www.warnow-werkstatt.de\/shop\/wp-json\/wp\/v2\/media\/104"}],"wp:attachment":[{"href":"http:\/\/www.warnow-werkstatt.de\/shop\/wp-json\/wp\/v2\/media?parent=103"}],"wp:term":[{"taxonomy":"product_brand","embeddable":true,"href":"http:\/\/www.warnow-werkstatt.de\/shop\/wp-json\/wp\/v2\/product_brand?post=103"},{"taxonomy":"product_cat","embeddable":true,"href":"http:\/\/www.warnow-werkstatt.de\/shop\/wp-json\/wp\/v2\/product_cat?post=103"},{"taxonomy":"product_tag","embeddable":true,"href":"http:\/\/www.warnow-werkstatt.de\/shop\/wp-json\/wp\/v2\/product_tag?post=103"}],"curies":[{"name":"wp","href":"https:\/\/api.w.org\/{rel}","templated":true}]}}