{"id":17,"date":"2023-03-16T17:00:07","date_gmt":"2023-03-16T16:00:07","guid":{"rendered":"http:\/\/www.warnow-werkstatt.de\/shop\/bezahlmoeglichkeiten\/"},"modified":"2023-03-22T16:03:06","modified_gmt":"2023-03-22T15:03:06","slug":"bezahlmoeglichkeiten","status":"publish","type":"page","link":"http:\/\/www.warnow-werkstatt.de\/shop\/bezahlmoeglichkeiten\/","title":{"rendered":"Zahlungsarten"},"content":{"rendered":"\n<p>Wir bieten Ihnen folgende Zahlungsarten an. Suchen Sie sich einfach die f\u00fcr Sie optimale Zahlart aus. Die Versandkosten sind teilweise abh\u00e4ngig von der gew\u00e4hlten Zahlungsart. Die in den jeweiligen Angeboten angef\u00fchrten Preise stellen Endpreise dar. Sie beinhalten alle Preisbestandteile einschlie\u00dflich etwaig anfallender Steuern wie Mehrwertsteuer. Nur bei grenz\u00fcberschreitender Lieferung k\u00f6nnen im Einzelfall weitere Steuern (z.B. im Falle eines innergemeinschaftlichen Erwerbs) und\/oder Abgaben (z.B. Z\u00f6lle) von Ihnen zu zahlen sein, jedoch nicht an den Verk\u00e4ufer, sondern an die dort zust\u00e4ndigen Zoll- bzw. Steuerbeh\u00f6rden.<\/p>\n\n\n\n<p><em><strong>PayPal<\/strong><\/em><\/p>\n\n\n\n<p>Noch schneller und sicherer bezahlen mit ihrem PayPal-Konto.<\/p>\n\n\n\n<p><em><strong>Kauf per Rechnung und Vorkasse<\/strong><\/em><\/p>\n\n\n\n<p>Hier finden Sie unsere Kontodaten:<br><br><\/p>\n\n\n\n<p><em><strong>Barzahlung<\/strong><\/em><\/p>\n\n\n\n<p>Bestellen Sie online und holen Sie Ihre Bestellung bei uns im Laden einfach ab:<\/p>\n\n\n\n<p>Warnow-Werkstatt<br>Paap + Sohn Schiffs- und Yachtservice GmbH<\/p>\n\n\n\n<p>Alter Hafen S\u00fcd 6<br>18069 Rostock<br>Deutschland<\/p>\n\n\n\n<p><strong>Email:<\/strong> warnemuende[at]warnow-werkstatt.de<br><strong>Tel:<\/strong> (0381) 865 163 &#8211; 0<br><strong>Fax:<\/strong> (0381) 865 163 &#8211; 19<\/p>\n","protected":false},"excerpt":{"rendered":"<p>Wir bieten Ihnen folgende Zahlungsarten an. Suchen Sie sich einfach die f\u00fcr Sie optimale Zahlart aus. Die Versandkosten sind teilweise abh\u00e4ngig von der gew\u00e4hlten Zahlungsart. Die in den jeweiligen Angeboten angef\u00fchrten Preise stellen Endpreise dar. Sie beinhalten alle Preisbestandteile einschlie\u00dflich etwaig anfallender Steuern wie Mehrwertsteuer. Nur bei grenz\u00fcberschreitender Lieferung k\u00f6nnen im Einzelfall weitere Steuern (z.B.&hellip;&nbsp;<a href=\"http:\/\/www.warnow-werkstatt.de\/shop\/bezahlmoeglichkeiten\/\" class=\"\" rel=\"bookmark\">Weiterlesen &raquo;<span class=\"screen-reader-text\">Zahlungsarten<\/span><\/a><\/p>\n","protected":false},"author":1,"featured_media":0,"parent":0,"menu_order":0,"comment_status":"closed","ping_status":"closed","template":"","meta":{"neve_meta_sidebar":"","neve_meta_container":"","neve_meta_enable_content_width":"","neve_meta_content_width":0,"neve_meta_title_alignment":"","neve_meta_author_avatar":"","neve_post_elements_order":"","neve_meta_disable_header":"","neve_meta_disable_footer":"","neve_meta_disable_title":"","footnotes":""},"class_list":["post-17","page","type-page","status-publish","hentry"],"_links":{"self":[{"href":"http:\/\/www.warnow-werkstatt.de\/shop\/wp-json\/wp\/v2\/pages\/17","targetHints":{"allow":["GET"]}}],"collection":[{"href":"http:\/\/www.warnow-werkstatt.de\/shop\/wp-json\/wp\/v2\/pages"}],"about":[{"href":"http:\/\/www.warnow-werkstatt.de\/shop\/wp-json\/wp\/v2\/types\/page"}],"author":[{"embeddable":true,"href":"http:\/\/www.warnow-werkstatt.de\/shop\/wp-json\/wp\/v2\/users\/1"}],"replies":[{"embeddable":true,"href":"http:\/\/www.warnow-werkstatt.de\/shop\/wp-json\/wp\/v2\/comments?post=17"}],"version-history":[{"count":3,"href":"http:\/\/www.warnow-werkstatt.de\/shop\/wp-json\/wp\/v2\/pages\/17\/revisions"}],"predecessor-version":[{"id":203,"href":"http:\/\/www.warnow-werkstatt.de\/shop\/wp-json\/wp\/v2\/pages\/17\/revisions\/203"}],"wp:attachment":[{"href":"http:\/\/www.warnow-werkstatt.de\/shop\/wp-json\/wp\/v2\/media?parent=17"}],"curies":[{"name":"wp","href":"https:\/\/api.w.org\/{rel}","templated":true}]}}